ase 7) to base 13.
10c98
Convert -119509 (base 13) to base 7.
-3400615
Convert 16944941 (base 10) to base 14.
23713ad
What is -1737377 (base 8) in base 10?
-507647
What is 1414ca (base 13) in base 11?
304090
1616115 (base 7) to base 3
102022220200
-101100000000111001101 (base 2) to base 7
-15154551
What is -107855 (base 10) in base 5?
-11422410
11101100001000011100 (base 2) to base 12
3a7878
78987 (base 14) to base 12
1214b7
Convert -30a88 (base 13) to base 2.
-10101010110111101
-1265170 (base 9) to base 13
-1b33a2
Convert -2774a2 (base 11) to base 16.
-6a146
What is 133213110133 (base 4) in base 11?
4750599
1201123313 (base 4) to base 12
172b5b
What is -41005301 (base 7) in base 12?
-1187618
What is bd8bb6 (base 15) in base 2?
100010011111010000000000
Convert -43486 (base 13) to base 15.
-26081
20102111001020 (base 3) to base 12
11880b9
Convert -e444ab (base 15) to base 3.
-202102011002022
Convert 2801277 (base 9) to base 11.
95a218
Convert -1192a8 (base 13) to base 15.
-8471d
11e7b (base 16) to base 9
121537
Convert 66446055 (base 7) to base 10.
5726082
Convert 220310103121 (base 4) to base 8.
50642331
What is -20661605 (base 7) in base 11?
-aa4606
What is -314a42 (base 12) in base 7?
-6410216
Convert 10032330 (base 4) to base 16.
43bc
-1053524050 (base 6) to base 15
-1054ae0
What is -1000001011110011 (base 2) in base 7?
-166510
What is 4aaa61 (base 11) in base 8?
3044521
What is -636b0 (base 15) in base 6?
-10432050
-100000101101011 (base 2) to base 12
-9837
What is 215020 (base 7) in base 10?
37744
1212104 (base 5) to base 12
11223
-5782635 (base 9) to base 14
-5b4bd2
-1068a7 (base 11) to base 10
-170122
What is -200100102 (base 4) in base 3?
-20201020010
Convert 1340314 (base 8) to base 9.
634168
-305c50 (base 15) to base 5
-1042012100
796f (base 16) to base 5
1443322
Convert 2500173 (base 8) to base 2.
10101000000001111011
1610054 (base 10) to base 13
444ac4
-107894 (base 10) to base 7
-626363
Convert 10896158 (base 10) to base 16.
a6431e
Convert 101000011100010110110 (base 2) to base 13.
375285
Convert -551662 (base 7) to base 11.
-66739
What is -146350a (base 11) in base 5?
-1120230334
Convert -33048482 (base 9) to base 15.
-160881e
Convert -40503231 (base 7) to base 16.
-33909c
-110000220011122 (base 3) to base 10
-6394913
Convert -66a1a1 (base 11) to base 6.
-34515010
244042234 (base 6) to base 5
2143440220
Convert -1153416 (base 7) to base 2.
-100100000011110011
-105043 (base 8) to base 13
-13133
What is 14a5de (base 15) in base 6?
33211315
What is -11bcde (base 15) in base 11?
-530709
-21120112120 (base 3) to base 9
-246476
What is -6841812 (base 9) in base 10?
-3688670
What is -11101111001001011000 (base 2) in base 10?
-979544
548324 (base 12) to base 5
320411023
What is 103133020 (base 4) in base 2?
10011011111001000
-12234121312 (base 5) to base 2
-111000010010001100010110
Convert 12dd5 (base 14) to base 15.
dc44
1221403 (base 7) to base 2
100110001110111111
Convert 4bd29 (base 15) to base 12.
b8479
Convert 92b95 (base 15) to base 6.
13544422
Convert 457061 (base 8) to base 3.
21212212121
Convert -42331133 (base 5) to base 4.
-1112231200
What is -1413442024 (base 5) in base 13?
-9b0063
What is 1bca4 (base 15) in base 13?
32317
-176725 (base 10) to base 16
-2b255
Convert 2122200020 (base 3) to base 10.
52251
-4414545 (base 6) to base 2
-110101101111000001
What is -13dd4e (base 16) in base 12?
-529466
Convert 8460613 (base 9) to base 11.
261270a
-764a2 (base 13) to base 5
-23321132
What is -100000011110000010010 (base 2) in base 6?
-34445414
What is 1cbce (base 16) in base 13?
41768
What is 254a28 (base 13) in base 16?
dab9f
Convert -998454 (base 11) to base 12.
-649657
What is -1100101101110100100 (base 2) in base 15?
-836d6
What is 1181caa (base 14) in base 7?
131141203
What is 1511232 (base 6) in base 4?
111101210
Convert 15820b (base 15) to base 13.
2a5480
What is -a318 (base 11) in base 7?
-54630
What is 1f0dc (base 16) in base 7?
1036556
320233210 (base 4) to base 15
48cea
13424010 (base 8) to base 3
12200200101111
What is 5410622 (base 7) in base 2?
10100000101100001000
343356 (base 7) to base 11
42015
What is -11227420 (base 8) in base 9?
-4523684
Convert -10f32 (base 16) to base 5.
-4210201
-7358b2 (base 13) to base 3
-12002000212220
Convert 131244210 (base 5) to base 15.
cc88a
What is 23986 (base 10) in base 3?
1012220101
What is -1068505 (base 9) in base 2?
-10001100111000011001
-1101111100001110101011 (base 2) to base 15
-4c2c81
Convert -10350515 (base 6) to base 12.
-12b43b
What is -100111011101011000 (base 2) in base 10?
-161624
25bc8c (base 15) to base 14
352408
Convert 95665 (base 10) to base 14.
26c13
What is 1311232202 (base 4) in base 14?
c7a38
Convert a3b5cb (base 14) to base 12.
1a252a7
-95f8e (base 16) to base 7
-5135631
Convert 12220323020 (base 4) to base 15.
245a78
-1260c60 (base 14) to base 7
-135060050
-101022222100 (base 3) to base 8
-615155
What is 4bb45a (base 12) in base 15?
1984bd
Convert -161419 (base 12) to base 6.
-12014433
Convert -59180 (base 10) to base 16.
-e72c
12111212222100 (base 3) to base 7
33623625
42b7 (base 15) to base 6
145214
103201 (base 8) to base 12
17b15
What is 11123413441 (base 5) in base 8?
57012351
Convert -3654855 (base 9) to base 7.
-22605164
What is -68c4 (base 13) in base 8?
-34546
What is 66650256 (base 7) in base 4?
111332102022
Convert -34709 (base 14) to base 16.
-1f275
Convert 59735 (base 14) to base 6.
4402055
2012202241 (base 5) to base 11
22a7a32
-70277 (base 13) to base 16
-30eab
Convert 1341344144 (base 6) to base 11.
9231810
Convert 1342102 (base 10) to base 4.
11013222112
1c7545 (base 14) to base 10
1019065
What is -6a241 (base 12) in base 9?
-235744
Convert 4133332 (base 5) to base 4.
100211333
What is -3074a (base 12) in base 2?
-1111011100101010
Convert -240103 (base 8) to base 7.
-461013
Convert -1420403 (base 8) to base 10.
-401667
11413030113 (base 5) to base 8
63113636
What is 13514124 (base 6) in base 9?
772327
What is 243303212 (base 5) in base 14?
21d37a
What is -323134344 (base 5) in base 12?
-566b5b
1633886 (base 10) to base 11
a16621
What is -10100220211 (base 3) in base 15?
-1498a
What is -248310 (base 9) in base 13?
-53613
-499a49 (base 15) to base 5
-1400311234
4aa450 (base 11) to base 3
1111212111221
710b16 (base 13) to base 7
31231103
What is 453750 (base 9) in base 12?
111360
What is 178468 (base 11) in base 16?
43138
4617a5 (base 11) to base 13
1c932c
Convert -321201 (base 6) to base 7.
-136261
What is -3721544 (base 8) in base 2?
-11111010001101100100
176660 (base 11) to base 9
454483
11400143311 (base 5) to base 15
1276ec1
-13002431 (base 5) to base 9
-210865
Convert -22550555 (base 7) to base 10.
-1978709
Convert 31724772 (base 8) to base 14.
c8bbbc
What is 183a1 (base 16) in base 9?
161108
Convert -11d1826 (base 14) to base 15.
-b448c9
What is -1681438 (base 9) in base 11?
-59179a
-114115532 (base 6) to base 3
-11001120012102
Convert -391063 (base 11) to base 15.
-c2932
-136671 (base 9) to base 15
-19bc1
Convert 110111110100100100100110 (base 2) to base 6.
1241350314
Convert -40330324 (base 7) to base 5.
-1324230321
What is -6c09 (base 16) in base 5?
-1341112
Convert -214421110 (base 7) to base 9.
-26235187
-2a7c6 (base 16) to base 10
-174022
Convert -914428 (base 12) to base 11.
-1309876
What is -4071320 (base 8) in base 5?
-233443333
-11101100101001000111 (base 2) to base 10
-969287
Convert 268a9b2 (base 13) to base 3.
211211110000220
-231133012230 (base 4) to base 16
-b5f1ac
What is -3344210 (base 6) in base 15?
-352ec
Convert 110001120221221 (base 3) to base 14.
bcb6dc
What is 112010020001 (base 3) in base 9?
463201
What is 7496d (base 16) in base 8?
1644555
Convert -9652a3 (base 11) to base 6.
-53033335
Convert -57462255 (base 8) to base 11.
-7052685
Convert -7c20 (base 14) to base 10.
-21588
What is -56245 (base 16) in base 5?
-42242322
-30300330 (base 7) to base 2
-1001100111100010000010
Convert -10000300002 (base 4) to base 8.
-4006002
1213304104 (base 5) to base 2
1010111100100000011111
What is -53060 (base 10) in base 16?
-cf44
What is -1331230 (base 4) in base 2?
-1111101101100
What is -143040 (base 6) in base 7?
-54513
What is -101001000100011111110100 (base 2) in base 4?
-221010133310
-17c9c (base 16) to base 4
-11330